mmon factor of 12728 and 17200?
344
What is the greatest common factor of 97 and 19691?
97
What is the greatest common factor of 3610 and 386992?
722
What is the highest common factor of 16 and 398592?
16
Calculate the greatest common factor of 7452 and 8004.
276
Calculate the greatest common factor of 1110 and 10370730.
1110
Calculate the highest common factor of 189 and 128562.
21
What is the greatest common divisor of 101 and 23627839?
101
What is the greatest common divisor of 153 and 6147?
9
What is the greatest common divisor of 79700 and 10?
10
Calculate the greatest common divisor of 10 and 911545.
5
What is the greatest common divisor of 9 and 340749?
9
Calculate the highest common divisor of 456 and 2071.
19
What is the highest common divisor of 120 and 558120?
120
What is the greatest common factor of 17678759 and 833?
833
What is the greatest common divisor of 809897 and 22?
11
Calculate the greatest common factor of 2950 and 9558.
118
Calculate the greatest common divisor of 19218 and 138.
6
What is the highest common divisor of 306 and 64476?
18
What is the highest common divisor of 19185 and 135?
15
What is the highest common factor of 72 and 509528?
8
Calculate the highest common factor of 682 and 9438.
22
What is the highest common divisor of 6 and 14163?
3
Calculate the greatest common divisor of 2355 and 277105.
785
Calculate the highest common factor of 4920 and 385728.
984
Calculate the greatest common factor of 36 and 33268.
4
Calculate the highest common factor of 6033 and 2572069.
2011
What is the greatest common factor of 60 and 1499070?
30
What is the highest common divisor of 2257 and 49099?
37
What is the greatest common factor of 192489 and 3344?
209
Calculate the highest common factor of 3169616 and 731.
731
Calculate the highest common factor of 39 and 67951.
13
What is the greatest common factor of 4100 and 14596?
164
What is the greatest common factor of 156611 and 455?
91
What is the greatest common divisor of 83058 and 218?
218
What is the greatest common factor of 648 and 15633?
81
What is the greatest common factor of 7 and 1191337?
7
Calculate the greatest common divisor of 324 and 732.
12
Calculate the greatest common factor of 10 and 77215.
5
What is the highest common factor of 111473 and 893?
19
Calculate the highest common factor of 3727688 and 8.
8
Calculate the greatest common divisor of 1808 and 2256.
16
Calculate the greatest common divisor of 640 and 6624.
32
What is the highest common factor of 3 and 3065?
1
Calculate the greatest common factor of 43563 and 234.
39
What is the greatest common divisor of 5 and 512890?
5
Calculate the highest common factor of 244 and 4453.
61
What is the highest common divisor of 30 and 3418?
2
Calculate the greatest common divisor of 260 and 7660.
20
Calculate the greatest common factor of 187 and 648703.
187
What is the greatest common divisor of 50742 and 18?
18
What is the greatest common factor of 4068468 and 696?
348
What is the greatest common divisor of 1235 and 3800?
95
What is the highest common factor of 305249 and 7?
7
What is the greatest common factor of 5580 and 2880?
180
What is the highest common factor of 708883 and 333?
37
What is the greatest common divisor of 193792 and 272?
16
Calculate the greatest common factor of 2532 and 336.
12
Calculate the greatest common factor of 637 and 93405.
13
Calculate the greatest common factor of 124914 and 12.
6
Calculate the greatest common factor of 974 and 2947324.
974
What is the highest common factor of 290375 and 101?
101
Calculate the greatest common divisor of 41 and 233249.
41
What is the greatest common factor of 980 and 854315?
245
What is the highest common factor of 16 and 24832?
16
What is the greatest common divisor of 10 and 480170?
10
What is the greatest common factor of 648 and 31968?
216
What is the greatest common divisor of 860 and 640?
20
Calculate the greatest common factor of 29371 and 920.
23
What is the highest common divisor of 1176 and 2856?
168
What is the highest common divisor of 4089 and 493?
29
What is the greatest common divisor of 230 and 3795?
115
Calculate the greatest common divisor of 44889 and 3.
3
What is the highest common divisor of 1632 and 33184?
544
Calculate the highest common factor of 1767 and 334552.
589
What is the greatest common divisor of 1940 and 39964?
388
What is the highest common factor of 124731 and 45?
9
Calculate the greatest common divisor of 91149 and 69.
69
What is the highest common divisor of 2121 and 2898?
21
What is the greatest common divisor of 195562 and 2216?
554
Calculate the greatest common divisor of 2891421 and 234.
117
Calculate the highest common divisor of 335 and 140365.
335
Calculate the highest common factor of 117456 and 12.
12
Calculate the greatest common divisor of 1146928 and 32.
16
Calculate the highest common factor of 1740 and 2445.
15
What is the greatest common divisor of 50816 and 128?
128
Calculate the highest common factor of 70 and 24395.
35
Calculate the greatest common factor of 292 and 70518.
146
What is the highest common factor of 78190 and 350?
70
Calculate the greatest common divisor of 41448 and 3432.
264
What is the highest common factor of 14260 and 60?
20
Calculate the highest common factor of 8912488 and 1768.
1768
What is the highest common divisor of 41625 and 20?
5
What is the highest common factor of 3068 and 1326?
26
What is the greatest common factor of 6681 and 7467?
393
Calculate the greatest common divisor of 384424 and 16.
8
Calculate the greatest common divisor of 2470591 and 1977.
659
Calculate the greatest common factor of 125788 and 63960.
2132
What is the highest common factor of 2175 and 18750?
75
What is the highest common factor of 114953 and 8201?
139
What is the highest common factor of 18 and 1725714?
18
Calculate the highest common divisor of 1340 and 107468.
268
Calculate the highest common divisor of 31368 and 168.
24
What is the highest common factor of 840 and 1960?
280
What is the highest common factor of 3013896 and 51?
51
Calculate the greatest common divisor of 384750 and 380.
190
Calculate the highest common factor of 12 and 3233172.
12
Calculate the highest common divisor of 15 and 130335.
15
What is the highest common divisor of 12478 and 4352?
34
What is the greatest common factor of 891459 and 1687?
241
What is the highest common divisor of 476 and 19754?
238
Calculate the highest common factor of 1909 and 3151.
23
What is the greatest common divisor of 6626529 and 126?
63
Calculate the highest common divisor of 124848 and 864.
432
Calculate the greatest common divisor of 33 and 107.
1
Calculate the highest common divisor of 2280 and 2760.
120
What is the greatest common divisor of 204 and 42?
6
Calculate the highest common factor of 15 and 6359415.
15
Calculate the highest common factor of 140 and 53630.
10
Calculate the greatest common factor of 3216 and 32352.
48
Calculate the highest common factor of 1748580 and 16308.
1812
What is the greatest common divisor of 306 and 2340186?
102
What is the highest common divisor of 246848 and 24472?
1064
Calculate the greatest common divisor of 36 and 2862225.
9
Calculate the highest common divisor of 10053 and 3537.
9
Calculate the greatest common factor of 432038 and 262.
262
What is the highest common divisor of 1280 and 39960?
40
Calculate the highest common divisor of 27689 and 6.
1
What is the greatest common factor of 2376 and 3000456?
216
Calculate the highest common factor of 44 and 161876.
44
What is the greatest common divisor of 31025 and 187?
17
Calculate the highest common divisor of 44 and 33828.
4
Calculate the greatest common factor of 1519 and 3751.
31
What is the highest common factor of 2712 and 192?
24
Calculate the highest common divisor of 68191 and 7733.
703
Calculate the greatest common factor of 684 and 371916.
36
What is the greatest common factor of 70 and 4540?
10
What is the highest common divisor of 728460 and 432?
108
Calculate the highest common divisor of 574 and 373961.
287
What is the highest common factor of 697804 and 2236?
172
Calculate the highest common factor of 7290 and 522.
18
What is the greatest common divisor of 4257 and 282381?
1419
What is the highest common divisor of 72